a) - 7*j(a). Give p(v).
-6
Let w be 38/(-6) - (-12)/(-18). Let r(a) = a**3 + 8*a**2 + 5*a - 7. Calculate r(w).
7
Let i(x) = x**2 - 7*x + 7. Let s(y) = y - 1. Let v = -8 - -20. Suppose 0*u - 2*u + v = 0. Let o be s(u). Calculate i(o).
-3
Let c be (-1)/(4 - (-36)/(-8)). Let l(h) = -3*h**3 + 8*h**2 + 7*h - 13. Let a(y) = y**3 - 3*y**2 - 2*y + 4. Let b(j) = c*l(j) + 7*a(j). What is b(4)?
-14
Suppose 3*o - 12 = 6. Let u be 1/(-2) + 33/o. Let a(s) = 3*s**2 - 7*s - 3. Let m(g) = g**2 - g - 1. Let l(k) = a(k) - 2*m(k). Calculate l(u).
-1
Let o be (0 - (-12)/16*2)*-6. Let n(t) = -t**3 - 10*t**2 - 9*t - 10. What is n(o)?
-10
Let r(s) = -3*s + 13. Let u be r(5). Let z(f) = -2*f - 3. What is z(u)?
1
Suppose 0 = -2*v + 4*n + 14, -3*v + 2*v + 2 = 3*n. Let g = v + -6. Let q = g - 2. Let m(t) = -t**3 - 2*t**2 + 5*t + 2. What is m(q)?
-4
Let n(y) = -y**2 - y + 3. Suppose 0*r - 2*z = -4*r - 6, -15 = 4*r - 5*z. Give n(r).
3
Let d(h) = -h**2 - 7*h. Let w be d(-6). Suppose 5*m = -4*t - 28, 0 - w = -m + 5*t. Let q(a) be the third derivative of a**4/12 + a**3/2 + a**2. Determine q(m).
-5
Let r be (-12)/((-3)/(-4)*-2). Let q = r - 4. Let s(u) = -2*u - 3. Let x(t) = -3*t - 4. Let c(a) = q*s(a) - 3*x(a). Determine c(-1).
-1
Let d(l) = l**2 - l + 10. Let w = 79 - 79. Give d(w).
10
Suppose 5*g - 21 - 44 = 0. Let t be g/3 + 2/(-6). Let y(c) = t*c + 2 + 4 - 12. Calculate y(4).
10
Let u be (-2 - -6)*1/1. Suppose -10 = -5*n + 5*h + 10, -u*h - 12 = 0. Let o(p) = -6*p - n - 2*p + 4*p. Give o(2).
-9
Let y(w) = -4*w + 2*w + w - 4 - 1. Let i = 6 + -1. Calculate y(i).
-10
Let g(w) = w**3 - 11*w**2 - w + 13. Let v be (-2)/4*(-22 - 0). Let h be g(v). Let m(u) = -3*u + 3. Calculate m(h).
-3
Let s(x) be the third derivative of x**5/60 + x**4/6 - x**3/3 + 51*x**2. Determine s(-5).
3
Let l(q) be the first derivative of 3*q**4/4 + 2*q**3/3 - q + 14. What is l(-1)?
-2
Let h(x) = -2*x + 1. Let o(a) = a**2 + 14*a - 11. Let s(k) = 5*h(k) + o(k). Suppose g = -3*m - 11, -3*m - 4 = -m. Give s(g).
-1
Let y be 8/32 + (-67)/(-4). Let s(b) = -3 + y*b - 34*b + 19*b. Determine s(3).
3
Let j(l) = l**3 + 5*l**2 - l - 1. Let m be j(-5). Let n(u) = m*u**2 - 2*u - 2*u + 3*u - 1 - u**3. Suppose -31 = -4*a + 5*d, -4*d - 29 = -5*a - d. Give n(a).
-5
Let a(c) be the first derivative of -c**2/2 - 2*c + 1. Suppose -4 = -3*x + 2, 5*y - 4*x = 12. Let v be y/(-6) - (-14)/3. Determine a(v).
-6
Let m(g) be the second derivative of -5*g**3/3 + g**2/2 + 9*g. Calculate m(1).
-9
Suppose -4*z + 9*z = 20. Let f(k) = 4*k - 2 - 7*k**2 + 0*k**3 + k**3 + 2*k**2. Calculate f(z).
-2
Let k(b) = -b**3 + 4*b**2 - b. Let f be k(2). Let l(s) be the third derivative of -s**6/120 + s**5/12 + s**4/4 - 2*s**3/3 - 5*s**2. Calculate l(f).
-4
Let i(a) = -2*a + 2. Suppose -10 = 2*g + 3*g. Let r be 14 + (g - 1)/3. Suppose 0 = -k - 2*u + 6, -2*k - 4*u - u + r = 0. What is i(k)?
-6
Let j(v) be the first derivative of -v**4/2 - 4*v**3/3 - 2*v**2 - 2*v - 8. Determine j(-2).
6
Let o(l) = l**3 - 2*l**2 - 3*l + 1. Let r be ((-2)/(-4))/(6/12). Let d = 1 + r. Let n = d + 0. Determine o(n).
-5
Let u(m) be the second derivative of m**4/12 + 5*m**3/6 - 5*m**2/2 - m. Determine u(-4).
-9
Let h(q) = 3*q + 1. Suppose 0 = 2*w - l + 3, w = -2*w - 3*l - 9. Calculate h(w).
-5
Let k(d) = -d**3 + 4*d**2 - 5*d + 4. Suppose 4*z = -3*u, -u = u - z + 11. Let m = 5 + u. Suppose 4*h - 11 = m. Calculate k(h).
-2
Let k(b) = -2*b. Suppose -3*w + 4*o + 44 = 0, 0 = 4*w - 4*o - 40 - 12. Let n = 11 + -17. Let s = n + w. Determine k(s).
-4
Suppose -4*t - 8 = -2*t. Let h(w) be the first derivative of w**5/60 + w**4/24 - 5*w**3/6 + w**2 - 4. Let x(m) be the second derivative of h(m). Determine x(t).
7
Let b(n) = -n**3 - n**2 + n. Let k be (-1 - -1)/((-6)/2). Let p(x) = x**2 + 6*x - 5. Let a be p(-7). Suppose k = -v - a*v. Give b(v).
0
Let c = 0 - -3. Let j(b) = -4*b + 1. Determine j(c).
-11
Let n(k) = 9*k - 5. Let i(p) = 5*p - 2. Let a(t) = 5*i(t) - 3*n(t). Suppose -3*z = -0*z - 12. What is a(z)?
-3
Let v(w) = w**3 + w. Let u(f) = f + 4. Let q be u(-5). Let c be 0*(1 + q/2). What is v(c)?
0
Suppose -3*j = -11 - 1. Suppose -d - j*d = -95. Suppose -2*t - 4*c + c = 0, -2*c - d = -5*t. Let l(z) = -z**2 + 3*z + 2. What is l(t)?
2
Suppose 4*o - 16 = 0, -2*i - 32 = i - 5*o. Let f(a) = a**3 + 3*a**2 - 6*a - 6. Calculate f(i).
2
Let p(u) = u**3 + 3*u**2 - 2*u**2 + 3 + u - 4 - 3*u. Let z be 0 + (1 - (0 - 1)). Give p(z).
7
Let s(m) = 0*m**2 - 3*m**2 + 6*m + 2*m**2 + 3 - 7. Let j be (-3 + 2/4)*-2. Give s(j).
1
Suppose -6 + 22 = 4*s. Let o(q) = -q**3 + 5*q**2 - 3*q + 4. Calculate o(s).
8
Let p(y) = y**3 - 4*y**2 + 5*y - 3. Let b(q) = q**3 + 5*q**2 + 4*q + 3. Let u be b(-4). What is p(u)?
3
Let k(g) = -3*g - 1. Let x be k(-2). Let h(i) = -3*i**2 + 8*i - 7 - 9*i + i**3 + 0*i**2 - 2*i**2. Determine h(x).
-12
Let m(u) = -12*u + 0 + 18*u - 2*u**2 + 6 + 3*u**2. Calculate m(-5).
1
Let d(u) = u**2 - 2*u - 2. Suppose -b + 3 = -0. Determine d(b).
1
Let y be (26/(-65))/((-6)/(-15)). Let q(p) = 8*p**2 + 2*p + 1. What is q(y)?
7
Let s(b) = b - 11. Suppose -g - v + 6 = 0, 5*g = -3*v - v + 34. Give s(g).
-1
Suppose 37 = 3*x - 4*u, -2*u + 8 = -4*u. Let v(f) = -f**3 + 6*f**2 + 7*f - 5. Let z be v(x). Let d(b) = b**3 + 4*b**2 - 6*b + 3. Determine d(z).
8
Let s(v) = -v + 0*v + 2*v. Let q(b) = b**3 - 7*b**2 - 8*b + 4. Let w be q(8). Suppose w*h + 5 = 1. Determine s(h).
-1
Let w(c) = 8*c**2 + 6*c - 5. Let r(l) = l - 1. Let d(i) = 6*r(i) - w(i). Give d(-1).
-9
Let o(b) = b**2 - 7*b + 7. Let s be o(6). Let k(g) be the second derivative of -g**6/240 - g**4/4 + 2*g. Let h(u) be the third derivative of k(u). Give h(s).
-3
Let a be (14/(-105))/((-2)/10). Let g(r) be the third derivative of -5/24*r**4 - a*r**3 + 0 + 2*r**2 + 0*r. Give g(-3).
11
Let i(q) = q**2 + 5*q + 2. Suppose 2 = -a + 4*v + 5, 0 = 3*a + 2*v - 9. Suppose -3*s - 2*n + 6*n - 28 = 0, a*s - n = -16. Give i(s).
-2
Suppose 0 = -j + 4 - 0. Let v(o) = o - 1. Determine v(j).
3
Let t(o) be the second derivative of o**3 - o**2/2 + 11*o. Calculate t(1).
5
Let y(n) = 3*n - n**2 - 2 - 6*n + 0 + 3. Let m(p) = -p**2 + 4*p. Let k be m(5). Determine y(k).
-9
Let l(w) be the first derivative of w**4/12 - w**3/2 + w**2/2 - w - 1. Let n(p) be the first derivative of l(p). Determine n(3).
1
Let g(x) = x + 5. Let s(m) = -m**3 - 2*m**2 + m. Let b be s(-2). Suppose -u + 10 = 4*u. Let h be b - (u - (2 - 3)). Give g(h).
0
Let x(l) = -7*l**2 + 2*l - 1. Let j = 19 - 16. Suppose 5*g = 8*g - j. What is x(g)?
-6
Let u(z) = z**3 + 12*z**2 + 6*z + 2. Let s(i) = -i**3 - 11*i**2 - 4*i - 2. Let d(w) = 7*s(w) + 6*u(w). Give d(-6).
-14
Let t(c) be the first derivative of -c**3/3 + 3*c**2/2 - 7. What is t(4)?
-4
Let k(l) = -l**2 + 3*l - 2. Suppose 5*i - 2*a = -6, 5*i = 8*a - 3*a - 15. Suppose 19 + i = 3*h + 2*n, -2*h - 3*n = -21. Suppose h*x + 2 = 14. Give k(x).
-6
Let m(b) = 2*b - 2. Let v be m(3). Let s(t) = -4*t**2 + 13 + v*t - 12 - 6*t. Determine s(1).
-5
Let q be 16/(-10) - 8/20. Let g(l) be the second derivative of -l**4/24 - l**3/3 + 3*l**2/2 + 3*l. Let x(t) be the first derivative of g(t). What is x(q)?
0
Let f(g) be the second derivative of -g**4/12 + 2*g**2 - g. Let v(h) = h**2 - 12. Let x be v(-3). Determine f(x).
-5
Let h(z) = -z**2 + 2*z. Let i be h(1). Suppose 0 = -2*y + i + 1. Let t(j) = -8*j**3 - 2*j**2 + 1. Give t(y).
-9
Let t(c) = 0*c**2 + 4*c**2 - 3*c**2 + 16 - 18. Calculate t(0).
-2
Suppose t - 3 = 2*p, 3*t - 9 = -3*p + 9. Let v(l) = -14*l**3 + l. What is v(p)?
-13
Let p(v) = -v**2 - 4*v - 3. Let f be (-2 + 0)*30/12. Let t be (6/8)/(f/(-20)). Suppose 0 = -3*z + 3*a - 3, -z - 3 = t*a + 2. Give p(z).
1
Let g be 8/2 - (-1 - -1). Suppose -g = -2*z - h, z - 6 = -2*z + 3*h. Let p be (z + (-11)/4)*4. Let v(t) = t - 2. Give v(p).
-5
Let d(b) = -b. Let c = 27 + -26. What is d(c)?
-1
Suppose -2 = -z - 1. Let f(c) = -z + 2 + 3*c**2 - 6*c + c + c**3 - 4. What is f(-4)?
1
Let x = -51 - -54. Let t(a) be the first derivative of -2*a**3 + 1 + 4*a - 1/4*a**4 - x*a**2. Give t(-5).
9
Let q(p) be the first derivative of p**2 + p - 6. Give q(1).
3
Let r be (26/(-6) - -4)*-3. Let m(s) be the first derivative of 4/3*s**3 + r + s**2 + 1/2*s**4 + 0*s. Determine m(-2).
-4
Let r(d) be the second derivative of -d**5/20 - d**4/4 + d**3/3 - 3*d**2/2 - 14*d. Give r(2).
-19
Let m(z) = -z**2 + 3*z